107. What is the highest common divisor of u and 9?
9
Let v be -2*1*(-1)/(-2). Let t be (4/2)/(v/(-8)). Suppose -5*m - 63 + 9 = -c, 118 = 2*c - 5*m. What is the greatest common factor of t and c?
16
Let b(l) = l**3 - 14*l**2 + 7. Let z be b(15). Calculate the greatest common factor of 8 and z.
8
Let b = -47 - -86. What is the highest common factor of b and 39?
39
Suppose 0 = 5*y - 12 - 8. Let h(l) = 2*l**3 - 3*l**2 + 3*l + 3. Let m be h(y). What is the highest common divisor of 38 and m?
19
Let a(o) = -2*o**2 - 4*o. Let u be a(-6). Let v = u - -78. Calculate the greatest common divisor of 20 and v.
10
Let v = 30 - 19. Let w be (-28)/(-12) + 4/6. Suppose o + 2 = w*o. Calculate the greatest common factor of v and o.
1
Let m be -26*((-1)/(-2))/((-7)/7). Suppose 4*l + 69 = n, 2*n + 80 - 205 = -5*l. Calculate the highest common factor of m and n.
13
Let h = 118 - 62. What is the highest common factor of h and 7?
7
Let j(d) be the third derivative of d**5/60 + 7*d**4/12 + 3*d**3/2 + 7*d**2. Let o be j(-14). Calculate the greatest common factor of o and 63.
9
Let q = 20 - -13. Let k = q - 12. What is the highest common factor of 14 and k?
7
Suppose 2*f + 9 = r - f, -5*r - 3*f + 9 = 0. What is the highest common divisor of 3 and r?
3
Let b(j) = -j. Let t be b(-4). Suppose t*x - 121 = 15. Let v(y) = -9*y - 14. Let n be v(-11). What is the greatest common factor of n and x?
17
Suppose 3*x = 2*o - 17, -5*o + x = 5*x - 77. Calculate the greatest common divisor of o and 91.
13
Suppose -2*s + 41 = 9. Suppose -5*k = 2*q - q + 65, 2*q + 3*k + 95 = 0. Let u = q + 88. Calculate the greatest common factor of u and s.
16
Suppose 15 = 5*k + 3*v, 3*k + 0*v + 5 = v. Suppose -y = -k*y. Suppose y = 2*t - 6 - 2, -4*p - t + 16 = 0. Calculate the greatest common factor of p and 33.
3
Let h be (12/(-14))/((-1)/7). Let s(o) = -3*o**2 + 3*o + 7. Let i be s(h). Let j = 123 + i. What is the highest common factor of 16 and j?
8
Suppose 0 = g - 3*g - 2*y + 484, -3*g + 2*y + 716 = 0. Suppose 0*x = -4*x + 5*j + 240, -4*x + j = -g. What is the greatest common factor of 20 and x?
20
Let i(p) = 79*p + 1. Let w be i(1). Suppose 0*r = 4*r - 20. Suppose 2*x = r + 15. What is the highest common factor of w and x?
10
Suppose -3*z + 10 = -z. Suppose -40 = -z*b + 3*b. Calculate the highest common divisor of b and 220.
20
Let m(p) = 2*p**2 + 5*p + 2. Let l be m(-3). Let f be 5*1*32/40. Let q be -10*(2/f)/(-1). What is the highest common divisor of q and l?
5
Suppose p = -3*p - 32. Let h(j) = -j. Let x be h(p). What is the greatest common divisor of 24 and x?
8
Let x be 5/3 - 1/(-3). Suppose x*u + 2*u = -32. Let a = 1 - u. What is the highest common divisor of 63 and a?
9
Let z = 22 + -13. Let v(m) = -z*m - 3 - 5 + 29*m. Let y be v(7). What is the highest common factor of y and 12?
12
Suppose 2*u - 3*x - 42 = 0, 2*x = -2 + 6. What is the highest common factor of u and 12?
12
Let f be (-1)/5 + (-1)/(-5). Let v be 1 - (-13 + f/1). What is the highest common divisor of 28 and v?
14
Suppose -b = 4*w - 29, b + 2*b - 5*w = 2. Let x(v) = b - 4*v + v**2 + v - 3*v. Let g be x(9). Calculate the highest common factor of 12 and g.
12
Let k be (-26)/(-65)*230/4. Calculate the highest common factor of 207 and k.
23
Let a(c) = c + 1. Let x be a(-1). Suppose x = -5*z + z + 28. Suppose -2*b + 14 = -0. What is the greatest common divisor of z and b?
7
Let v = -100 + 106. Calculate the highest common factor of 78 and v.
6
Let y = 97 - 181. Let n be -4 - y/(-3)*-1. What is the highest common divisor of 264 and n?
24
Suppose 5*t - d + 13 = 41, -5*t + 4*d + 37 = 0. Suppose 38 = t*a - 2*a + 5*p, 5*a = -3*p + 90. What is the highest common divisor of a and 3?
3
Let k(q) = 4*q**3 + 2*q**2 + 2*q. Let t be k(3). What is the greatest common factor of 12 and t?
12
Let u(k) = -12*k**2 - 2*k. Let b(v) = -192*v**2 - 33*v. Let l(z) = 2*b(z) - 33*u(z). Let r be l(-1). Calculate the greatest common factor of 12 and r.
12
Let p(g) = 22*g**2 - g. Let r be p(1). What is the highest common factor of 21 and r?
21
Suppose 18 = d + 6. Suppose 5*v + 5*m + 5 - 155 = 0, m = 0. What is the highest common divisor of d and v?
6
Suppose 0 = 3*l + m - 193, l - 2*m = 45 + 31. What is the highest common factor of 6 and l?
6
Let h(x) = x**3 - 8*x**2 + 9*x + 1. Let n be h(7). Let r be 5/n + 28/6. Suppose w - 2 = -1, -2*y = r*w - 31. Calculate the highest common divisor of 117 and y.
13
Suppose -3*r - 168 = -4*p + 212, 4*p - 404 = -3*r. Let f be 1*-1 - (-1 - 0). Let c be (2 - (f - -1))*14. Calculate the greatest common divisor of p and c.
14
Let w = 25 + -24. Let s(x) = -x - 5. Let q be s(-6). What is the highest common factor of q and w?
1
Let q(l) = l**2 - 35. Let c be q(0). Let o be 2/7 - (-1760)/c. Let w be (-1)/(2/(o + 2)). Calculate the highest common factor of 6 and w.
6
Let w(d) = 9*d - 3. Let h be w(2). Let l be 80/(-9 + 1)*(-2)/4. Calculate the greatest common factor of l and h.
5
Let b(u) be the first derivative of -13*u**2/2 + 2*u - 9. Let r be b(-10). What is the greatest common factor of r and 12?
12
Suppose 3*g + g = 84. Let v(a) = 7*a**3 + a**2 - a + 1. Let p be v(1). Let j = p + -1. Calculate the highest common factor of g and j.
7
Let i be 166 + (2 - 0) + (-16 - -13). What is the highest common divisor of 22 and i?
11
Let d = -2 + 3. Let m(y) = -3*y**2 - 18*y + 8. Let t be m(-6). What is the greatest common divisor of t and d?
1
Suppose 5*f - 46 = -1. What is the greatest common divisor of 81 and f?
9
Let r be ((-5)/10)/(2/32). Let x be (-171)/(-12) + (-6)/r. What is the greatest common factor of x and 105?
15
Let m = 209 + -79. Suppose -177 - 343 = -20*a. Calculate the highest common divisor of m and a.
26
Suppose -w - w + 34 = 0. Suppose -2*c + 5*z = 4*z - 8, -4*c + 16 = -4*z. Suppose c*g = g + 51. What is the highest common divisor of g and w?
17
Let w(i) = i**3 - 9*i**2 + 4*i - 12. Let c be w(9). What is the highest common factor of 36 and c?
12
Suppose -b + 31 = -4*f, 3*f - 139 = -5*b + 7*f. Let j(o) = 3*o**2 - 2*o + 1. Let p be j(2). What is the highest common factor of p and b?
9
Let m = -26 - -29. Suppose -k = -2*k + 12. What is the greatest common divisor of m and k?
3
Suppose -4*o - 4*q = -12, -q + 12 = 3*q. Suppose -5*k + 49 + 71 = o. Suppose -4*a + k = -0*a. What is the highest common divisor of a and 30?
6
Let o(q) = q**2 + 2*q - 2. Let h be o(2). Let k = -1 + h. Let m be (-39)/(-5) - (-1)/k. What is the greatest common divisor of 12 and m?
4
Let v be 0/(-2 + 1 - 1). Suppose -5*p = -2*c - v*c + 56, 2*p = c - 22. Let s = p + 25. What is the greatest common divisor of 104 and s?
13
Suppose 4*k = -3*c + 230, 0*c + 5*c = 10. Calculate the greatest common divisor of k and 16.
8
Let w = -184 + 272. Suppose -2*t + 18 = -j, 10*t - 2*j - 44 = 5*t. Calculate the highest common divisor of w and t.
8
Let p be 3 + (-3 + 10)*12. Suppose 81 = v + 2*n, 4*v + 5*n = 3*v + p. Calculate the highest common divisor of v and 11.
11
Let y be 1/(-4) + (-189)/12. Let h = y + 96. Suppose 9*k - h = 4*k. What is the highest common factor of 64 and k?
16
Let b = 64 + -42. Suppose -g + 4*g - 12 = 0, -i = 5*g - 20. Let j = i + 2. Calculate the highest common divisor of b and j.
2
Let n(g) = 74*g**3 - 1. Let q be n(1). Suppose -c = -3*i - 3*c + 88, 3*i - c - q = 0. Calculate the greatest common factor of i and 39.
13
Suppose -5*z + 2 = -18. What is the greatest common divisor of z and 1?
1
Let n(d) = -6*d - 5. Let h(g) = 7*g + 6. Let t(q) = 3*h(q) + 4*n(q). Let v be t(-5). What is the highest common divisor of v and 143?
13
Let u(l) = l**3 - 7*l**2 - 8*l. Let j be u(8). Suppose j*k = 3*v + 3*k, k + 25 = 4*v. Calculate the greatest common divisor of v and 5.
5
Let a = 84 - 46. Let y(k) = 11*k + 7. Let r be y(8). Calculate the highest common divisor of a and r.
19
Let h(m) = 2*m**3 - m - 1. Let o be h(-1). Let b be o/6*45/(-3). What is the highest common divisor of 10 and b?
5
Let d be (-2)/(-5) - 93/(-5). Let h = d + -12. Let g be (1 + -7)/((-9)/84). Calculate the highest common divisor of g and h.
7
Suppose -659 = -2*r - 2*j - 117, 0 = r + 3*j - 269. Calculate the highest common divisor of r and 34.
34
Suppose 4*h + 5*i + 5 = 0, -2*h + i = -3*h - 2. Let n(k) = -k + 7. Let q be n(h). What is the greatest common divisor of 120 and q?
12
Let k b